osite?
True
Suppose 18 = -q - 4*u, 4*q + 7*u - 3*u + 120 = 0. Let j = 22 + q. Is ((-1)/2)/(2/j) composite?
False
Suppose w = -w + 460. Suppose -7*h + 3*h + w = -5*t, 0 = -5*t + 10. Let o = 103 + h. Is o a composite number?
False
Let g = 19 - -200. Let u = 350 - g. Is u a prime number?
True
Suppose -d + 32 = 3*d. Is 2/d + (-588)/(-16) composite?
False
Let o = -11 + 16. Suppose -8 = -o*u + 3*u. Is u composite?
True
Suppose -135 = -3*y + 4*o + 148, -2*o - 374 = -4*y. Is y a composite number?
True
Let y(p) = 22*p + 2. Let f be 2/(-1) + 4 + 2. Let u be y(f). Is 1*(u + -1 + 0) a composite number?
False
Suppose 34 = -5*w + 94. Suppose 7*g - 5*g - w = 0. Suppose g*v = 7*v - 53. Is v a prime number?
True
Let q(v) = -v**3 - 2*v**2 - v + 1. Let u(d) = d**2 + 5*d - 8. Let f be u(-6). Let n be q(f). Suppose 0 = 2*p + n*a - 355, p = 5*p + 3*a - 725. Is p composite?
True
Let x = 584 + -345. Is x a prime number?
True
Let v be (-446)/(-7) + (-8)/(-28). Suppose g - v = -4*x - 15, 0 = 3*g + x - 158. Is g prime?
True
Let t(d) = d + 4*d**2 - d**3 - 6 + 8 + 4*d. Let h be t(5). Suppose 2*i - 364 = -2*p, -4*p - 167 = i - h*i. Is i prime?
True
Let u(l) = -5*l - 1. Let r be u(-1). Suppose r*y = -2*c + 488 - 154, 0 = -y + 2. Is c composite?
False
Let j = 8 + -6. Let q = 0 + j. Suppose 3*c - 155 = -q*n - 2*n, 4*c + 85 = 3*n. Is n composite?
True
Let f = -6 - -3. Is (-3 - 3/f) + 151 prime?
True
Suppose r - 5*t - 54 = 0, -1 + 103 = 3*r + 5*t. Is r a prime number?
False
Suppose l = 3*k - 4*l - 1, 0 = -5*k + 3*l + 7. Suppose k*a - 4*g + 7*g - 694 = 0, a - 357 = g. Is a a prime number?
True
Let z = -158 - -337. Is z composite?
False
Is (-10)/(-30) + 664/6 prime?
False
Suppose 0 = 5*y - 0*y - 90. Suppose -y = -a + 19. Is a a composite number?
False
Let b(p) = p**2 - 5*p - 1. Let o(x) = x**2 - 4*x - 1. Let f(m) = -3*b(m) + 4*o(m). Let j(y) be the first derivative of f(y). Is j(6) a prime number?
True
Suppose -m = m. Let b = 72 + 43. Suppose 5*w + m*w = b. Is w a composite number?
False
Let n(o) = o**3 + 5*o**2 - 9*o - 9. Let h be n(-6). Let k = 48 - h. Is k a composite number?
True
Let l(g) = 3*g**2 + 6*g - 7. Is l(-5) prime?
False
Let g(c) = -2*c + 4. Let o be g(-7). Suppose 0*l + l - o = -j, 3*j = l - 22. Is l a prime number?
True
Let a(j) = j**3 + 7*j**2 - 8*j - 6. Let r be a(-8). Let d(q) = -q**3 - q**2 + 10*q + 7. Is d(r) a composite number?
False
Let k = 4228 - 2996. Suppose -2*h = -2, -2*s - 4*h + k = 2*s. Is s a composite number?
False
Let n be ((-1)/(-2))/(3/(-90)). Let s = 30 + n. Is s a composite number?
True
Let s = -348 - -667. Is s prime?
False
Let x be (-14)/(-2) - (2 - -1). Suppose -x*u = -5*r - 9*u + 210, -r = -u - 32. Is r composite?
False
Let c(q) = 130*q**2 + 3*q - 2. Is c(1) prime?
True
Let o = 25 - -13. Suppose 0 = -2*b + 4*y - 8, 0*y - o = 5*b - 4*y. Is (170/(-25))/(2/b) a prime number?
False
Suppose 0*m + 5*m - 10 = 0. Suppose a = m*a. Is 32 + (a - 1)*1 composite?
False
Suppose 0 = -3*c + c + 4*d - 8, 2*d - 8 = -c. Is c*3/6*97 composite?
False
Let p = -13 - -21. Let u be p + -1 + 8/(-4). Is 137*1 + 10/u a composite number?
False
Let w(z) = -5*z**3 + 2*z + 1. Let k be w(-1). Suppose -5*c + 3*c = 4*y - 8, 0 = -k*y - 4. Is c a prime number?
False
Is (2369 - -5) + -3 + 0 a composite number?
False
Suppose -5*q = h - 400, -5*h - 133 = -2*q - 0*h. Let s = q - 37. Let c = s - 23. Is c composite?
False
Let q(t) be the first derivative of 2/3*t**3 + t - 1/4*t**4 + 1 + 1/2*t**2. Is q(-2) prime?
False
Let c(r) = -2*r**3 - 3*r**2 + 1. Let l be c(-2). Suppose g + 2*q = l, 5*g + 5*q - 35 = -0*g. Is g composite?
True
Is 2/(-6) - 21502/(-39) a prime number?
False
Suppose 0 = -q - h + 29, -3*q + 0*q = 5*h - 81. Suppose 4*s = q + 16. Let g = 1 + s. Is g a prime number?
True
Suppose -25 = -5*v, -5*m = -m + 5*v - 1541. Is m a prime number?
True
Suppose -5*h = 0, -6*h + 782 = 2*a - 2*h. Is a a composite number?
True
Suppose 2*y - 19674 = 5*n - 4*n, -5*y + 49191 = -n. Is y a prime number?
True
Let d = -342 - -649. Is d a composite number?
False
Let n = -221 - -400. Is n prime?
True
Suppose -4*t + 59 = 215. Let a = t + 96. Let b = 83 - a. Is b composite?
True
Suppose 0 = -4*a + 3*l + 5, 0*a - 2*a = 3*l - 7. Is 264/(-6)*a/(-4) prime?
False
Is 16938/45 + (-3)/(-5) a composite number?
True
Let a(z) = -16*z + 15. Let o be a(12). Let g = 260 + o. Is g composite?
False
Let q(x) = 6*x - 21. Let s(f) = 5*f - 20. Let w(h) = 6*q(h) - 7*s(h). Is w(0) prime?
False
Let s(d) = -d**3 - 2*d**2 - d + 583. Is s(0) composite?
True
Let h(f) = f**3 - 11*f**2 + 18*f + 13. Is h(11) prime?
True
Let n be (-2 + 0)*(-1310)/4. Let s = 950 - n. Is s a composite number?
True
Let t = -192 - -445. Is t a prime number?
False
Let u(w) = 18*w - 3. Let g(y) = 9*y - 2. Let h(f) = 5*g(f) - 3*u(f). Suppose -5*i = -i + 24. Is h(i) composite?
False
Let i = -27 - -39. Is (182/(-3))/((-8)/i) prime?
False
Let h(o) = 3*o**3 - 2*o**2 + o. Let n be h(1). Let d be (n + 0)/(-4)*2. Is d/(27/30 - 1) a prime number?
False
Is 122 + -1 + (-2 - -4) prime?
False
Suppose 4*n + 3*x - 16 = 0, 0*x - 2*x = -3*n + 12. Is 2/8*n - -76 a prime number?
False
Suppose 0 = 4*w - 2*l - 6772, -l - 6122 = -3*w - 1043. Is w a prime number?
True
Let h(w) = -w**3 - 31*w**2 + 38*w + 55. Is h(-33) prime?
False
Let c be 11 + (3 - 3) + -3. Suppose 3*s + c = 47. Is s a composite number?
False
Let c(j) = 2*j - 9. Let f be c(7). Suppose -3 = -l - 4*u, -f*l + 3 = -4*l + 3*u. Suppose -2*q + l = -2*z - 5, 3*q + 3*z = 6. Is q prime?
True
Let l(h) = -335*h**3 + 3*h - 2. Let t be l(-2). Is 6/9 + t/6 a prime number?
False
Suppose -4*h + 5*h - 16 = 0. Is (190/(-8))/((-4)/h) composite?
True
Suppose 3*s - 22 = -4*m - 6, 17 = 3*s + 5*m. Suppose 3*u - 37 = -r, -s*u - r + 0 = -48. Is u a composite number?
False
Suppose 9*z - 5*z - 8 = 0. Suppose -2*q + 1101 = q + b, z*q - 2*b = 734. Is q a composite number?
False
Let l be (-3 + 3)/(-3 + 0). Suppose 2*a = -l*a + 262. Is a composite?
False
Suppose 4*h - 9 - 9 = 3*a, -10 = -5*a. Let y be 2 - -6*h/9. Is (1/2)/1*y composite?
False
Let w = -8037 - -11926. Is w a composite number?
False
Suppose -6*l + 4*l = -8. Suppose -l*f = -f - 165. Is f prime?
False
Let a be (0 + 6)*2/3. Suppose c - 3*c = -a. Is c composite?
False
Let l(i) = -7*i**2 + i. Suppose b + 0 = -1. Let v be l(b). Let k = -4 - v. Is k prime?
False
Let o = -4 - -8. Suppose 0*k + 15 = k + o*j, 0 = -5*j + 5. Is k a composite number?
False
Let s = 0 - -2. Let z(w) = -w**3 + w + 2*w**2 - 4*w - 5*w**2 + s. Is z(-3) composite?
False
Suppose -z + 10 = 5*y, 2*y - 3*z + 0*z = 4. Suppose -y*l - 2*l = -16. Suppose -5*j = -f - 1051, j = 6*j - l*f - 1039. Is j a prime number?
True
Let q(x) = -x + 2. Let n be q(1). Let u be 5 + -8 + 0 + n. Is ((-25)/(-10))/(u/(-44)) composite?
True
Suppose 2*k + r - 1136 = 5*r, -3*r - 1698 = -3*k. Suppose -9*h = -3*h - k. Is h a composite number?
True
Suppose -3*b - 69 + 312 = 0. Suppose 3*n = -2*n + g + 435, 0 = n + g - b. Is n prime?
False
Suppose -2*j - 637 = -1631. Is j composite?
True
Let l be 2/(-4) + (-10)/4. Let x be l + 2 - -1*5. Suppose 168 = x*n + q + 2*q, 0 = 2*q - 8. Is n a prime number?
False
Let d = 7 + 0. Let c(s) = -1 - 2 + 16*s + 0. Is c(d) prime?
True
Suppose 6*u - 10*u + 4172 = 0. Suppose -4*w = 2*x - 418, -5*x + u = -3*w - 54. Is x a composite number?
True
Let s(c) be the second derivative of 2*c**3 - c**2/2 - 2*c. Let r be s(5). Suppose -3*z = 2*n - r, -6*z + z + 5*n = -90. Is z composite?
False
Suppose -265 = -3*z - 5*t + 3*t, 5*z - t = 433. Is z a prime number?
False
Suppose 5*q + f + 27 = 5*f, 0 = -3*q - 3*f. Let o be 1/(-3) - q/9. Suppose 5*g = -4*m + 62, 2*g + 3*g + 3*m - 59 = o. Is g prime?
False
Let k = -14 + 127. Is k composite?
False
Suppose -t = 2*t - 4143. Is t prime?
True
Suppose 3*n = -4*v + 23, 0*v = -v - 5*n - 7. Suppose 12*r - 348 = v*r. Is r composite?
True
Suppose 4 = 3*l - 2. Suppose 4*p - 80 = -g, l*p + 0*g = -4*g + 54. Is p a prime number?
True
Let l(k) = 61*k**2 + 4*k + 6. Is l(4) a composite number?
True
Is ((-6)/4 - 1)*(-146044)/290 composite?
False
Suppose 3*a - 10739 - 7006 = 3*r, 3*a + 2*r - 17755 = 0. Is a composite?
True
Let r be (-1 + (-6)/(-2))*12. Suppose -j = r + 3. Let z = j + 50. Is z a composite number?
False
Let j(y) = 20*y**2 - 13. Is j(7) a composite number?
False
Suppose -g + 1842 